hat is k(36)?
546
Let x(l) = l**3 + 22*l**2 + 54*l - 51. Calculate x(-19).
6
Let r(a) = -a**2 - 32*a - 83. Calculate r(-25).
92
Let q(a) = 2*a**2 - 136*a - 889. Determine q(-6).
-1
Let w(m) = 49*m**2 - 489*m - 12. Calculate w(10).
-2
Let h(p) = p**3 + 36*p**2 + 284*p + 4. Give h(-12).
52
Let i(p) = -3*p**2 + 288*p - 6331. Determine i(34).
-7
Let w(i) = -i**3 + 15*i**2 - 83*i + 1514. Give w(17).
-475
Let k(y) = 559*y - 6718. Determine k(12).
-10
Let s(f) = -2*f**3 - 65*f**2 + 61*f - 19. Calculate s(-33).
-943
Let x(n) = -44*n + 327. What is x(7)?
19
Let a(v) = 41*v + 639. Give a(-17).
-58
Let x(r) = -r**3 - 94*r**2 - 427*r - 40162. Give x(-94).
-24
Let w(l) = -20*l**2 - 1563*l - 218. Give w(-78).
16
Let l(p) = -7*p**2 + 67*p - 200. Give l(3).
-62
Let k(t) = 159*t + 3619. Calculate k(-23).
-38
Let i(l) = l**2 - 54*l - 822. What is i(-11)?
-107
Let s(g) = -g**3 + 12*g**2 - 143*g - 836. Give s(-4).
-8
Let f(w) = 298*w - 5059. Give f(17).
7
Let i(w) = 10*w - 33. What is i(3)?
-3
Let g(y) = y**3 - 12*y**2 + 20*y - 106. Determine g(11).
-7
Let b(n) = 15*n + 422. Calculate b(-28).
2
Let n(k) = 38*k - 521. Give n(-6).
-749
Let r(g) = -g**3 + 23*g**2 - 19*g + 1117. Determine r(24).
85
Let v(d) = 68*d**2 - 100*d + 101. Calculate v(1).
69
Let j(y) = 2*y**3 + 29*y**2 + 10*y - 97. Calculate j(-14).
-41
Let p(d) = -d**3 - 27*d**2 - 58*d + 327. Determine p(-24).
-9
Let z(d) = d**2 - 30*d + 13. What is z(28)?
-43
Let h(v) = 18*v**2 - 70*v - 2. Calculate h(4).
6
Let m(t) = -2*t**3 - 213*t**2 + 327*t + 265. Determine m(-108).
-59
Let s(h) = 3*h**2 + h - 28. What is s(-5)?
42
Let u(x) = 2*x**2 - 29*x + 24. Determine u(14).
10
Let u(r) = -85*r**3 - 3*r**2 + 5*r + 7. Calculate u(-1).
84
Let m(o) = -2*o**3 + 187*o**2 + 678*o + 88. Calculate m(97).
-9
Let h(d) = -12*d**3 - 203*d**2 + 8*d - 153. Give h(-17).
0
Let r(p) = 1079*p - 1090. Give r(1).
-11
Let z(k) = -k**3 - 52*k**2 + 102*k - 332. Calculate z(-54).
-8
Let s(w) = 206*w**3 - w**2 + 77*w + 77. What is s(-1)?
-207
Let h(m) = -2*m**2 - 31*m - 33. Calculate h(-19).
-166
Let o(f) = 2*f**3 + 80*f**2 + 74*f - 167. Determine o(-39).
-11
Let x(m) = 32*m - 615. What is x(14)?
-167
Let g(z) = 9*z + 500. Determine g(-44).
104
Let w(a) = a**3 + 132*a**2 - 691*a - 835. Calculate w(-137).
-13
Let s(n) = n**2 - 24*n - 27. Give s(26).
25
Let g(y) = -83*y - 630. Calculate g(-15).
615
Let n(u) = u**3 + 86*u**2 - 1517*u - 191. Determine n(-101).
11
Let f(s) = -s**3 + 182*s**2 - 1055*s - 172. Give f(176).
4
Let x(h) = -2*h**2 - 1134*h + 6854. Calculate x(6).
-22
Let q(s) = -134*s + 1517. Calculate q(12).
-91
Let h(r) = r**2 + 508*r + 5961. Calculate h(-12).
9
Let q(k) = -3*k + 43. Give q(53).
-116
Let k(c) = -c**3 + 38*c**2 - 22*c + 829. Give k(38).
-7
Let r(m) = -18*m - 536. Give r(-28).
-32
Let q(j) = 3904*j + 39054. Give q(-10).
14
Let k(y) = 3*y**3 + 12*y**2 - 15*y - 54. Calculate k(-5).
-54
Let h(y) = -33*y + 1250. Calculate h(40).
-70
Let a(b) = b**2 + 94*b + 1241. Give a(-78).
-7
Let l(h) = -2*h**2 - 5*h + 7. Give l(-3).
4
Let s(l) = l**3 - 27*l**2 + 43*l + 174. What is s(25)?
-1
Let u(v) = -103*v + 9976. Determine u(97).
-15
Let t(r) = 2*r**3 + 5*r + 129. Determine t(0).
129
Let p(g) = 5*g**3 + 18*g**2 - 20*g + 63. Calculate p(-5).
-12
Let o(r) = 61*r - 1931. What is o(32)?
21
Let h(u) = 2*u**2 - 36*u + 165. What is h(13)?
35
Let z(j) = 4*j**2 + 277*j - 491. What is z(-71)?
6
Let l(y) = 9*y - 756. Calculate l(86).
18
Let a(b) = 190*b + 1343. What is a(-8)?
-177
Let m(w) = 18*w + 123. What is m(-8)?
-21
Let u(m) = -66*m + 976. Calculate u(13).
118
Let g(k) = -2*k**2 + 237*k + 601. Give g(121).
-4
Let f(g) = 123*g + 686. Give f(-5).
71
Let n(w) = 3*w**3 - 18*w**2 - 2*w + 10. Determine n(6).
-2
Let s(o) = -o**3 + 12*o**2 + 107*o + 20. Determine s(18).
2
Let a(z) = -z**3 - 5*z**2 + 14*z + 46. Determine a(-6).
-2
Let v(y) = -4*y**3 - y**2 - 60*y - 218. Determine v(-4).
262
Let p(o) = o**2 - 40. Give p(8).
24
Let m(r) = 175*r + 10681. Calculate m(-61).
6
Let d(j) = 625*j**2 + 241*j + 241. What is d(-1)?
625
Let t(z) = 20*z - 2522. What is t(126)?
-2
Let y(n) = n**2 - 806*n - 3232. What is y(-4)?
8
Let f(y) = 2*y**2 + 53*y - 629. Give f(-35).
-34
Let k(j) = 116*j + 4971. Determine k(-40).
331
Let h(z) = z**3 - 66*z**2 + 361*z - 65. Determine h(60).
-5
Let m(j) = -j**3 - 9*j**2 + 2*j + 68. Give m(-9).
50
Let a(j) = -j**2 + 34*j + 1778. Give a(-28).
42
Let o(k) = 483*k + 976. Determine o(-2).
10
Let q(p) = -864*p**2 + 1725*p + 1. Determine q(2).
-5
Let m(z) = z**3 - 13*z**2 + 26*z - 38. Determine m(11).
6
Let j(k) = k**2 - 67*k + 563. Determine j(9).
41
Let c(v) = 7*v - 366. Calculate c(44).
-58
Let u(s) = -2*s**3 + 10*s**2 - 17*s + 91. Determine u(5).
6
Let x(s) = -s**3 + 12*s**2 + 80*s - 909. What is x(13)?
-38
Let m(r) = -r**3 + 18*r**2 - 8*r - 123. Calculate m(17).
30
Let j(u) = 2766*u - 5529. Calculate j(2).
3
Let c(a) = 440*a + 5461. What is c(-12)?
181
Let v(w) = -w**2 - 62*w + 234. What is v(-65)?
39
Let t(j) = -2*j**3 - 149*j**2 + 541*j - 163. What is t(-78)?
227
Let w(u) = -7*u**2 + 20*u + 124. Determine w(-6).
-248
Let u(t) = 4*t**2 - 98*t + 6. Determine u(26).
162
Let p(y) = 17*y**3 + 7*y + 4. Give p(-2).
-146
Let m(p) = -515*p**3 - 2*p**2 + p - 1. Give m(1).
-517
Let h(z) = 12*z**2 + 78*z + 7. Determine h(-7).
49
Let c(f) = -15*f - 136. Give c(0).
-136
Let z(w) = 11*w - 245. Determine z(9).
-146
Let z(q) = -4*q**2 + 369*q + 1049. Calculate z(95).
4
Let m(r) = -21*r + 440. Determine m(22).
-22
Let t(g) = -29*g**2 - 5*g + 6. Give t(2).
-120
Let d(n) = -4*n**3 - 34*n**2 - 59*n + 8. Give d(-3).
-13
Let u(x) = 2*x**2 + 2261*x + 11261. Calculate u(-5).
6
Let r(s) = 23*s + 58. What is r(-3)?
-11
Let w(u) = -u**2 - 57*u - 660. Calculate w(-16).
-4
Let y(c) = c**3 + 60*c**2 - 56*c + 331. Calculate y(-61).
26
Let m(h) = 85*h - 2465. Determine m(29).
0
Let z(f) = -f**3 + 21*f**2 - 37*f - 58. Calculate z(19).
-39
Let n(c) = 136*c - 9350. Determine n(69).
34
Let r(n) = 197*n + 1184. What is r(-6)?
2
Let h(o) = -o**3 + 32*o**2 + 96*o + 317. What is h(35)?
2
Let t(j) = 5*j**3 + 42*j**2 - 93*j - 5. Give t(2).
17
Let q(s) = -s**3 - 26*s**2 + 57*s + 339. Determine q(-29).
1209
Let w(g) = 435*g + 5227. What is w(-12)?
7
Let c(k) = -9*k**2 + 8*k - 98. Determine c(7).
-483
Let j(y) = -696*y + 6962. Give j(10).
2
Let g(a) = -8*a + 247. What is g(36)?
-41
Let k(b) = 6*b + 205. Determine k(-41).
-41
Let j(r) = -7215*r + 14421. Calculate j(2).
-9
Let m(q) = 39*q + 974. Calculate m(-29).
-157
Let g(u) = 21*u**2 - 29*u - 75. Determine g(3).
27
Let u(m) = -3*m**3 + 72*m**2 + 435*m - 6. What is u(29)?
-6
Let f(a) = 7*a**2 - 3*a - 24. What is f(-6)?
246
Let o(n) = 4*n**3 + 4*n**2 + 9*n + 20. Calculate o(-4).
-208
Let f(t) = t**3 + 8*t**2 + 7*t + 29. Determine f(-7).
29
Let d(g) = -g**3 - 61*g**2 + 333*g + 190. Calculate d(-66).
-8
Let h(t) = 2*t**2 + 225*t + 109. Determine h(-112).
-3
Let a(t) = -4*t**3 + 6*t**2 + 5*t - 1. Determine a(4).
-141
Let u(j) = -440*j + 1253. Determine u(3).
-67
Let b(z) = z**3 + 29*z**2 + 27*z - 82. Calculate b(-28).
-54
Let h(t) = t**3 + 65*t**2 + 134*t + 4470. Give h(-64).
-10
Let y(p) = p**2 - 4*p + 15. Calculate y(5).
20
Let r(x) = -6*x**2 + 101*x - 198. Give r(14).
40
Let m(w) = 7*w**2 + 13*w + 70. What is m(-4)?
130
Let w(a) = a**2 + 6*a + 21. Determine w(-3).
12
Let q(s) = -s**3 + 44*s**2 + 94*s - 106. What is q(46)?
-14
Let c(z) = z**2 + 7*z - 207. Give c(10).
-37
Let t(z) = -14*z**2 + 134*z + 139. Give t(-1).
-9
Let x(s) = 58*s + 3168. What is x(-53)?
94
Let r(g) = -8*g**2 - 24*g + 16. What is r(-4)?
-16
Let m(v) = 3*v**2 - 3*v - 9. Calculate m(3).
9
Let l(r) = -13*r**2 - 21*r - 2. What is l(-2)?
-12
Let c(h) = -h**3 + 18*h**2 + 3*h + 327. Calculate c(19).
23
Let f(n) = -n + 55. Calculate f(57).
-2
Let d(p) = p**3 + p**2 - 11*p - 19. Determine d(-4).
-23
Let m(k) = 8*k**3 + 109*k**2 + 25*k - 13. Give m(-14).
-951
Let y(t) = 3776*t + 49074. What is y(-13)?
-14
Let a(o) = 9003*o - 9001. What is a(1)?
2
Let x(o) = o**3 + 78*o**2 + 73*o - 306. What is x(-77)?
2
Let t(w) = 2*w**3 - 46*w**2 - 63*w + 363. Give t(24).
3
Let b(n) = -1199*n - 130698. Give b(-109).
-7
Let n(w) = 8*w + 632. Calculate n(-68).
88
Let s(v) = -8*v - 450. Calculate s(-57).
6
Let x(k) = k**3 + 24*k**2 + 4*k + 610. Determine x(-25).
-115
Let